{"id":936,"date":"2024-01-19T14:30:06","date_gmt":"2024-01-19T13:30:06","guid":{"rendered":"https:\/\/hbt.com.pl\/maszyny\/?post_type=product&#038;p=936"},"modified":"2024-01-19T14:44:55","modified_gmt":"2024-01-19T13:44:55","slug":"glebogryzarka-obrotowa-sole-100-berti","status":"publish","type":"product","link":"https:\/\/hbt.com.pl\/maszyny\/produkt\/glebogryzarka-obrotowa-sole-100-berti\/","title":{"rendered":"Glebogryzarka obrotowa SOLE 100 &#8211; BERTI"},"content":{"rendered":"<p><strong>Maszyna:<\/strong> NOWA<\/p>\n<p>&nbsp;<\/p>\n<h2><strong>Standardowe wyposa\u017cenie<\/strong><\/h2>\n<ul>\n<li>3-punktowy uk\u0142ad zawieszenia Kat.\u00a00-I<\/li>\n<li>Skrzynia bieg\u00f3w jednobiegowa, WOM 540 obr.\/min<\/li>\n<li>Pr\u0119dko\u015b\u0107 wirnika 240 obr.\/min<\/li>\n<li>Wa\u0142 nap\u0119dowy WOM ze \u015brub\u0105 \u015bcinan\u0105<\/li>\n<li>Przek\u0142adnia \u0142a\u0144cuchowa<\/li>\n<li>Automatyczny napinacz \u0142a\u0144cucha<\/li>\n<li>Wirnik ko\u0142nierzowy wyposa\u017cony w 4 spiralne \u0142opatki C (montowane na zewn\u0105trz)<\/li>\n<li>R\u0119czny przesuw boczny<\/li>\n<li>Boczne p\u0142ozy do regulacji g\u0142\u0119boko\u015bci<\/li>\n<li>Moc min ci\u0105gnika 10<\/li>\n<li>Moc max ci\u0105gnika 22<\/li>\n<li>Przesuni\u0119cie boczne<br \/>\n<table class=\"table\">\n<tbody>\n<tr>\n<td class=\"spostamento-rosso\">505<br \/>\n260<\/td>\n<td class=\"spostamento-blu\">505<br \/>\n750<\/td>\n<\/tr>\n<\/tbody>\n<\/table>\n<\/li>\n<li>\u015alizgi 105 kg<\/li>\n<\/ul>\n","protected":false},"excerpt":{"rendered":"<p><strong>Przestawna<\/strong>\u00a0glebogryzarka do ci\u0105gnik\u00f3w o mocy od 10 do 25 KM.\u00a0Idealnie nadaje si\u0119 do przygotowania rozsadnik\u00f3w na ma\u0142ych polach.<\/p>\n","protected":false},"featured_media":937,"template":"","meta":[],"product_brand":[],"product_cat":[252],"product_tag":[254,257],"class_list":{"0":"post-936","1":"product","2":"type-product","3":"status-publish","4":"has-post-thumbnail","6":"product_cat-kosiarki-mulczery","7":"product_tag-berti","8":"product_tag-glebogryzarka","10":"first","11":"instock","12":"shipping-taxable","13":"purchasable","14":"product-type-simple"},"yoast_head":"<!-- This site is optimized with the Yoast SEO plugin v27.5 - https:\/\/yoast.com\/product\/yoast-seo-wordpress\/ -->\n<title>Glebogryzarka obrotowa SOLE 100 - BERTI - HBT Roltrac<\/title>\n<meta name=\"robots\" content=\"index, follow, max-snippet:-1, max-image-preview:large, max-video-preview:-1\" \/>\n<link rel=\"canonical\" href=\"https:\/\/hbt.com.pl\/maszyny\/produkt\/glebogryzarka-obrotowa-sole-100-berti\/\" \/>\n<meta property=\"og:locale\" content=\"pl_PL\" \/>\n<meta property=\"og:type\" content=\"article\" \/>\n<meta property=\"og:title\" content=\"Glebogryzarka obrotowa SOLE 100 - BERTI - HBT Roltrac\" \/>\n<meta property=\"og:description\" content=\"Przestawna\u00a0glebogryzarka do ci\u0105gnik\u00f3w o mocy od 10 do 25 KM.\u00a0Idealnie nadaje si\u0119 do przygotowania rozsadnik\u00f3w na ma\u0142ych polach.\" \/>\n<meta property=\"og:url\" content=\"https:\/\/hbt.com.pl\/maszyny\/produkt\/glebogryzarka-obrotowa-sole-100-berti\/\" \/>\n<meta property=\"og:site_name\" content=\"HBT Roltrac\" \/>\n<meta property=\"article:modified_time\" content=\"2024-01-19T13:44:55+00:00\" \/>\n<meta property=\"og:image\" content=\"https:\/\/hbt.com.pl\/maszyny\/wp-content\/uploads\/2024\/01\/Glebogryzarka-obrotowa-SOLE-100-BERTI.png\" \/>\n\t<meta property=\"og:image:width\" content=\"704\" \/>\n\t<meta property=\"og:image:height\" content=\"545\" \/>\n\t<meta property=\"og:image:type\" content=\"image\/png\" \/>\n<meta name=\"twitter:card\" content=\"summary_large_image\" \/>\n<meta name=\"twitter:label1\" content=\"Szacowany czas czytania\" \/>\n\t<meta name=\"twitter:data1\" content=\"1 minuta\" \/>\n<script type=\"application\/ld+json\" class=\"yoast-schema-graph\">{\"@context\":\"https:\\\/\\\/schema.org\",\"@graph\":[{\"@type\":\"WebPage\",\"@id\":\"https:\\\/\\\/hbt.com.pl\\\/maszyny\\\/produkt\\\/glebogryzarka-obrotowa-sole-100-berti\\\/\",\"url\":\"https:\\\/\\\/hbt.com.pl\\\/maszyny\\\/produkt\\\/glebogryzarka-obrotowa-sole-100-berti\\\/\",\"name\":\"Glebogryzarka obrotowa SOLE 100 - BERTI - HBT Roltrac\",\"isPartOf\":{\"@id\":\"https:\\\/\\\/hbt.com.pl\\\/maszyny\\\/#website\"},\"primaryImageOfPage\":{\"@id\":\"https:\\\/\\\/hbt.com.pl\\\/maszyny\\\/produkt\\\/glebogryzarka-obrotowa-sole-100-berti\\\/#primaryimage\"},\"image\":{\"@id\":\"https:\\\/\\\/hbt.com.pl\\\/maszyny\\\/produkt\\\/glebogryzarka-obrotowa-sole-100-berti\\\/#primaryimage\"},\"thumbnailUrl\":\"https:\\\/\\\/hbt.com.pl\\\/maszyny\\\/wp-content\\\/uploads\\\/2024\\\/01\\\/Glebogryzarka-obrotowa-SOLE-100-BERTI.png\",\"datePublished\":\"2024-01-19T13:30:06+00:00\",\"dateModified\":\"2024-01-19T13:44:55+00:00\",\"breadcrumb\":{\"@id\":\"https:\\\/\\\/hbt.com.pl\\\/maszyny\\\/produkt\\\/glebogryzarka-obrotowa-sole-100-berti\\\/#breadcrumb\"},\"inLanguage\":\"pl-PL\",\"potentialAction\":[{\"@type\":\"ReadAction\",\"target\":[\"https:\\\/\\\/hbt.com.pl\\\/maszyny\\\/produkt\\\/glebogryzarka-obrotowa-sole-100-berti\\\/\"]}]},{\"@type\":\"ImageObject\",\"inLanguage\":\"pl-PL\",\"@id\":\"https:\\\/\\\/hbt.com.pl\\\/maszyny\\\/produkt\\\/glebogryzarka-obrotowa-sole-100-berti\\\/#primaryimage\",\"url\":\"https:\\\/\\\/hbt.com.pl\\\/maszyny\\\/wp-content\\\/uploads\\\/2024\\\/01\\\/Glebogryzarka-obrotowa-SOLE-100-BERTI.png\",\"contentUrl\":\"https:\\\/\\\/hbt.com.pl\\\/maszyny\\\/wp-content\\\/uploads\\\/2024\\\/01\\\/Glebogryzarka-obrotowa-SOLE-100-BERTI.png\",\"width\":704,\"height\":545},{\"@type\":\"BreadcrumbList\",\"@id\":\"https:\\\/\\\/hbt.com.pl\\\/maszyny\\\/produkt\\\/glebogryzarka-obrotowa-sole-100-berti\\\/#breadcrumb\",\"itemListElement\":[{\"@type\":\"ListItem\",\"position\":1,\"name\":\"Strona g\u0142\u00f3wna\",\"item\":\"https:\\\/\\\/hbt.com.pl\\\/maszyny\\\/\"},{\"@type\":\"ListItem\",\"position\":2,\"name\":\"Maszyny rolnicze u\u017cywane\",\"item\":\"https:\\\/\\\/hbt.com.pl\\\/maszyny\\\/maszyny-uzywane\\\/\"},{\"@type\":\"ListItem\",\"position\":3,\"name\":\"Glebogryzarka obrotowa SOLE 100 &#8211; BERTI\"}]},{\"@type\":\"WebSite\",\"@id\":\"https:\\\/\\\/hbt.com.pl\\\/maszyny\\\/#website\",\"url\":\"https:\\\/\\\/hbt.com.pl\\\/maszyny\\\/\",\"name\":\"HBT Roltrac\",\"description\":\"\",\"potentialAction\":[{\"@type\":\"SearchAction\",\"target\":{\"@type\":\"EntryPoint\",\"urlTemplate\":\"https:\\\/\\\/hbt.com.pl\\\/maszyny\\\/?s={search_term_string}\"},\"query-input\":{\"@type\":\"PropertyValueSpecification\",\"valueRequired\":true,\"valueName\":\"search_term_string\"}}],\"inLanguage\":\"pl-PL\"}]}<\/script>\n<!-- \/ Yoast SEO plugin. -->","yoast_head_json":{"title":"Glebogryzarka obrotowa SOLE 100 - BERTI - HBT Roltrac","robots":{"index":"index","follow":"follow","max-snippet":"max-snippet:-1","max-image-preview":"max-image-preview:large","max-video-preview":"max-video-preview:-1"},"canonical":"https:\/\/hbt.com.pl\/maszyny\/produkt\/glebogryzarka-obrotowa-sole-100-berti\/","og_locale":"pl_PL","og_type":"article","og_title":"Glebogryzarka obrotowa SOLE 100 - BERTI - HBT Roltrac","og_description":"Przestawna\u00a0glebogryzarka do ci\u0105gnik\u00f3w o mocy od 10 do 25 KM.\u00a0Idealnie nadaje si\u0119 do przygotowania rozsadnik\u00f3w na ma\u0142ych polach.","og_url":"https:\/\/hbt.com.pl\/maszyny\/produkt\/glebogryzarka-obrotowa-sole-100-berti\/","og_site_name":"HBT Roltrac","article_modified_time":"2024-01-19T13:44:55+00:00","og_image":[{"width":704,"height":545,"url":"https:\/\/hbt.com.pl\/maszyny\/wp-content\/uploads\/2024\/01\/Glebogryzarka-obrotowa-SOLE-100-BERTI.png","type":"image\/png"}],"twitter_card":"summary_large_image","twitter_misc":{"Szacowany czas czytania":"1 minuta"},"schema":{"@context":"https:\/\/schema.org","@graph":[{"@type":"WebPage","@id":"https:\/\/hbt.com.pl\/maszyny\/produkt\/glebogryzarka-obrotowa-sole-100-berti\/","url":"https:\/\/hbt.com.pl\/maszyny\/produkt\/glebogryzarka-obrotowa-sole-100-berti\/","name":"Glebogryzarka obrotowa SOLE 100 - BERTI - HBT Roltrac","isPartOf":{"@id":"https:\/\/hbt.com.pl\/maszyny\/#website"},"primaryImageOfPage":{"@id":"https:\/\/hbt.com.pl\/maszyny\/produkt\/glebogryzarka-obrotowa-sole-100-berti\/#primaryimage"},"image":{"@id":"https:\/\/hbt.com.pl\/maszyny\/produkt\/glebogryzarka-obrotowa-sole-100-berti\/#primaryimage"},"thumbnailUrl":"https:\/\/hbt.com.pl\/maszyny\/wp-content\/uploads\/2024\/01\/Glebogryzarka-obrotowa-SOLE-100-BERTI.png","datePublished":"2024-01-19T13:30:06+00:00","dateModified":"2024-01-19T13:44:55+00:00","breadcrumb":{"@id":"https:\/\/hbt.com.pl\/maszyny\/produkt\/glebogryzarka-obrotowa-sole-100-berti\/#breadcrumb"},"inLanguage":"pl-PL","potentialAction":[{"@type":"ReadAction","target":["https:\/\/hbt.com.pl\/maszyny\/produkt\/glebogryzarka-obrotowa-sole-100-berti\/"]}]},{"@type":"ImageObject","inLanguage":"pl-PL","@id":"https:\/\/hbt.com.pl\/maszyny\/produkt\/glebogryzarka-obrotowa-sole-100-berti\/#primaryimage","url":"https:\/\/hbt.com.pl\/maszyny\/wp-content\/uploads\/2024\/01\/Glebogryzarka-obrotowa-SOLE-100-BERTI.png","contentUrl":"https:\/\/hbt.com.pl\/maszyny\/wp-content\/uploads\/2024\/01\/Glebogryzarka-obrotowa-SOLE-100-BERTI.png","width":704,"height":545},{"@type":"BreadcrumbList","@id":"https:\/\/hbt.com.pl\/maszyny\/produkt\/glebogryzarka-obrotowa-sole-100-berti\/#breadcrumb","itemListElement":[{"@type":"ListItem","position":1,"name":"Strona g\u0142\u00f3wna","item":"https:\/\/hbt.com.pl\/maszyny\/"},{"@type":"ListItem","position":2,"name":"Maszyny rolnicze u\u017cywane","item":"https:\/\/hbt.com.pl\/maszyny\/maszyny-uzywane\/"},{"@type":"ListItem","position":3,"name":"Glebogryzarka obrotowa SOLE 100 &#8211; BERTI"}]},{"@type":"WebSite","@id":"https:\/\/hbt.com.pl\/maszyny\/#website","url":"https:\/\/hbt.com.pl\/maszyny\/","name":"HBT Roltrac","description":"","potentialAction":[{"@type":"SearchAction","target":{"@type":"EntryPoint","urlTemplate":"https:\/\/hbt.com.pl\/maszyny\/?s={search_term_string}"},"query-input":{"@type":"PropertyValueSpecification","valueRequired":true,"valueName":"search_term_string"}}],"inLanguage":"pl-PL"}]}},"_links":{"self":[{"href":"https:\/\/hbt.com.pl\/maszyny\/wp-json\/wp\/v2\/product\/936","targetHints":{"allow":["GET"]}}],"collection":[{"href":"https:\/\/hbt.com.pl\/maszyny\/wp-json\/wp\/v2\/product"}],"about":[{"href":"https:\/\/hbt.com.pl\/maszyny\/wp-json\/wp\/v2\/types\/product"}],"wp:featuredmedia":[{"embeddable":true,"href":"https:\/\/hbt.com.pl\/maszyny\/wp-json\/wp\/v2\/media\/937"}],"wp:attachment":[{"href":"https:\/\/hbt.com.pl\/maszyny\/wp-json\/wp\/v2\/media?parent=936"}],"wp:term":[{"taxonomy":"product_brand","embeddable":true,"href":"https:\/\/hbt.com.pl\/maszyny\/wp-json\/wp\/v2\/product_brand?post=936"},{"taxonomy":"product_cat","embeddable":true,"href":"https:\/\/hbt.com.pl\/maszyny\/wp-json\/wp\/v2\/product_cat?post=936"},{"taxonomy":"product_tag","embeddable":true,"href":"https:\/\/hbt.com.pl\/maszyny\/wp-json\/wp\/v2\/product_tag?post=936"}],"curies":[{"name":"wp","href":"https:\/\/api.w.org\/{rel}","templated":true}]}}